y 6.
5
What is the remainder when 395 is divided by 122?
29
Calculate the remainder when 258 is divided by 12.
6
Calculate the remainder when 47 is divided by 22.
3
What is the remainder when 1238 is divided by 18?
14
What is the remainder when 1205 is divided by 11?
6
What is the remainder when 166 is divided by 24?
22
What is the remainder when 5705 is divided by 1418?
33
What is the remainder when 289 is divided by 71?
5
What is the remainder when 54 is divided by 29?
25
What is the remainder when 2704 is divided by 41?
39
Calculate the remainder when 599 is divided by 59.
9
What is the remainder when 64 is divided by 7?
1
What is the remainder when 1312 is divided by 94?
90
What is the remainder when 814 is divided by 13?
8
What is the remainder when 284 is divided by 33?
20
What is the remainder when 3035 is divided by 49?
46
What is the remainder when 149 is divided by 22?
17
Calculate the remainder when 272 is divided by 66.
8
Calculate the remainder when 87 is divided by 35.
17
What is the remainder when 597 is divided by 11?
3
What is the remainder when 416 is divided by 151?
114
Calculate the remainder when 154 is divided by 43.
25
Calculate the remainder when 1045 is divided by 50.
45
Calculate the remainder when 134 is divided by 126.
8
What is the remainder when 891 is divided by 182?
163
Calculate the remainder when 1559 is divided by 132.
107
Calculate the remainder when 105 is divided by 39.
27
Calculate the remainder when 1141 is divided by 126.
7
Calculate the remainder when 550 is divided by 179.
13
Calculate the remainder when 961 is divided by 107.
105
Calculate the remainder when 186 is divided by 44.
10
What is the remainder when 639 is divided by 64?
63
Calculate the remainder when 102 is divided by 11.
3
What is the remainder when 16 is divided by 13?
3
Calculate the remainder when 147 is divided by 37.
36
What is the remainder when 385 is divided by 39?
34
What is the remainder when 1269 is divided by 196?
93
Calculate the remainder when 12675 is divided by 20.
15
What is the remainder when 62 is divided by 37?
25
What is the remainder when 66 is divided by 18?
12
What is the remainder when 1040 is divided by 212?
192
What is the remainder when 593 is divided by 22?
21
What is the remainder when 474 is divided by 125?
99
What is the remainder when 21 is divided by 9?
3
Calculate the remainder when 431 is divided by 142.
5
What is the remainder when 7132 is divided by 87?
85
Calculate the remainder when 1795 is divided by 592.
19
Calculate the remainder when 234 is divided by 24.
18
Calculate the remainder when 733 is divided by 243.
4
Calculate the remainder when 421 is divided by 43.
34
What is the remainder when 662 is divided by 172?
146
Calculate the remainder when 95 is divided by 77.
18
Calculate the remainder when 1221 is divided by 34.
31
What is the remainder when 3084 is divided by 308?
4
What is the remainder when 299 is divided by 131?
37
What is the remainder when 693 is divided by 119?
98
What is the remainder when 59 is divided by 12?
11
What is the remainder when 462 is divided by 157?
148
What is the remainder when 1134 is divided by 15?
9
What is the remainder when 310 is divided by 128?
54
What is the remainder when 141 is divided by 84?
57
What is the remainder when 5112 is divided by 11?
8
What is the remainder when 2831 is divided by 7?
3
Calculate the remainder when 1796 is divided by 29.
27
Calculate the remainder when 168 is divided by 155.
13
Calculate the remainder when 225 is divided by 208.
17
Calculate the remainder when 1573 is divided by 779.
15
Calculate the remainder when 474 is divided by 26.
6
What is the remainder when 22 is divided by 5?
2
What is the remainder when 32317 is divided by 63?
61
What is the remainder when 310 is divided by 38?
6
Calculate the remainder when 338 is divided by 85.
83
What is the remainder when 606 is divided by 380?
226
Calculate the remainder when 436 is divided by 146.
144
Calculate the remainder when 173 is divided by 12.
5
Calculate the remainder when 139 is divided by 45.
4
What is the remainder when 917 is divided by 27?
26
Calculate the remainder when 578 is divided by 95.
8
What is the remainder when 346 is divided by 32?
26
Calculate the remainder when 23 is divided by 11.
1
What is the remainder when 38 is divided by 25?
13
Calculate the remainder when 2320 is divided by 71.
48
What is the remainder when 3550 is divided by 99?
85
Calculate the remainder when 206 is divided by 22.
8
Calculate the remainder when 233 is divided by 50.
33
Calculate the remainder when 1061 is divided by 82.
77
What is the remainder when 156 is divided by 56?
44
What is the remainder when 4118 is divided by 142?
0
What is the remainder when 4197 is divided by 24?
21
Calculate the remainder when 130 is divided by 46.
38
Calculate the remainder when 2030 is divided by 65.
15
What is the remainder when 735 is divided by 82?
79
Calculate the remainder when 322 is divided by 59.
27
Calculate the remainder when 3848 is divided by 77.
75
What is the remainder when 73 is divided by 22?
7
Calculate the remainder when 74 is divided by 28.
18
What is the remainder when 315 is divided by 86?
57
What is the remainder when 1376 is divided by 233?
211
Calculate the remainder when 494 is divided by 25.
19
What is the remainder when 18176 is divided by 149?
147
Calculate the remainder when 1531 is divided by 190.
11
What is the remainder when 52 is divided by 31?
21
What is the remainder when 455 is divided by 74?
11
What is the remainder when 1144 is divided by 1125?
19
What is the remainder when 586 is divided by 586?
0
Calculate the remainder when 398 is divided by 40.
38
What is the remainder when 413 is divided by 6?
5
What is the remainder when 357 is divided by 72?
69
Calculate the remainder when 13 is divided by 5.
3
Calculate the remainder when 173 is divided by 49.
26
Calculate the remainder when 258 is divided by 22.
16
Calculate the remainder when 94 is divided by 93.
1
Calculate the remainder when 55 is divided by 31.
24
Calculate the remainder when 221 is divided by 142.
79
What is the remainder when 79 is divided by 8?
7
What is the remainder when 1777 is divided by 11?
6
Calculate the remainder when 222 is divided by 46.
38
What is the remainder when 1729 is divided by 425?
29
What is the remainder when 85 is divided by 17?
0
What is the remainder when 542 is divided by 55?
47
What is the remainder when 5598 is divided by 400?
398
What is the remainder when 5831 is divided by 73?
64
Calculate the remainder when 3827 is divided by 54.
47
Calculate the remainder when 211 is divided by 203.
8
What is the remainder when 187 is divided by 21?
19
Calculate the remainder when 911 is divided by 57.
56
Calculate the remainder when 1593 is divided by 319.
317
Calculate the remainder when 1003 is divided by 30.
13
Calculate the remainder when 1477 is divided by 212.
205
Calculate the remainder when 94 is divided by 68.
26
Calculate the remainder when 449 is divided by 434.
15
What is the remainder when 73 is divided by 16?
9
Calculate the remainder when 3374 is divided by 136.
110
Calculate the remainder when 203 is divided by 17.
16
What is the remainder when 1034 is divided by 18?
8
What is the remainder when 109 is divided by 71?
38
What is the remainder when 37 is divided by 15?
7
Calculate the remainder when 4396 is divided by 37.
30
Calculate the remainder when 913 is divided by 10.
3
Calculate the remainder when 311 is divided by 22.
3
What is the remainder when 8384 is divided by 247?
233
What is the remainder when 45 is divided by 32?
13
What is the remainder when 488 is divided by 50?
38
Calculate the remainder when 1695 is divided by 21.
15
What is the remainder when 1399 is divided by 10?
9
What is the remainder when 17686 is divided by 44?
42
Calculate the remainder when 773 is divided by 50.
23
What is the remainder when 252 is divided by 88?
76
Calculate the remainder when 98 is divided by 17.
13
Calculate the remainder when 524 is divided by 75.
74
Calculate the remainder when 6525 is divided by 218.
203
Calculate the remainder when 770 is divided by 251.
17
What is the remainder when 129 is divided by 11?
8
Calculate the remainder when 656 is divided by 9